{"id":366,"date":"2026-02-11T17:55:34","date_gmt":"2026-02-11T17:55:34","guid":{"rendered":"https:\/\/tv-treffelhausen.de\/?page_id=366"},"modified":"2026-03-09T14:37:14","modified_gmt":"2026-03-09T14:37:14","slug":"maennerturnen","status":"publish","type":"page","link":"https:\/\/tv-treffelhausen.de\/?page_id=366","title":{"rendered":"M\u00e4nnerturnen"},"content":{"rendered":"\n<div class=\"wp-block-group has-border-color has-custom-blau-border-color has-base-2-background-color has-background has-global-padding is-content-justification-center is-layout-constrained wp-container-core-group-is-layout-6b4f17c0 wp-block-group-is-layout-constrained\" style=\"border-width:3px;border-top-left-radius:16px;border-top-right-radius:16px;border-bottom-left-radius:16px;border-bottom-right-radius:16px;min-height:0px;margin-top:var(--wp--preset--spacing--30);margin-bottom:0;padding-top:var(--wp--preset--spacing--20);padding-right:var(--wp--preset--spacing--30);padding-bottom:var(--wp--preset--spacing--20);padding-left:var(--wp--preset--spacing--30);box-shadow:var(--wp--preset--shadow--natural)\">\n<p class=\"has-text-align-center\"><em><strong>Trainingszeiten<\/strong><\/em><\/p>\n\n\n\n<p class=\"has-text-align-center\"><em>Montags ab 20:30 Uhr in der Roggentalhalle<\/em><\/p>\n<\/div>\n\n\n\n<div class=\"wp-block-group alignfull has-global-padding is-layout-constrained wp-container-core-group-is-layout-f611be13 wp-block-group-is-layout-constrained\" style=\"padding-top:var(--wp--preset--spacing--50);padding-right:var(--wp--preset--spacing--50);padding-bottom:var(--wp--preset--spacing--50);padding-left:var(--wp--preset--spacing--50)\">\n<div class=\"wp-block-group alignfull has-base-2-background-color has-background has-global-padding is-layout-constrained wp-container-core-group-is-layout-a6b33751 wp-block-group-is-layout-constrained\" style=\"border-top-left-radius:0px;border-top-right-radius:0px;border-bottom-left-radius:0px;border-bottom-right-radius:0px;margin-top:0;margin-bottom:0;padding-top:var(--wp--preset--spacing--50);padding-right:var(--wp--preset--spacing--50);padding-bottom:var(--wp--preset--spacing--50);padding-left:var(--wp--preset--spacing--50)\">\n<h2 class=\"wp-block-heading has-text-align-center\">M\u00e4nnerturner seit 1980! <\/h2>\n\n\n\n<p class=\"has-text-align-center\">Wir M\u00e4nnerturner m\u00f6chten uns auf diese Weise vorstellen und Sie \u00fcber unsere vielseitige Aktivit\u00e4ten f\u00fcr jede Altersklasse informieren. Die M\u00e4nnerturner sind eine bunt gemischte Truppe von 35 bis bis &#8230; Jahren!&nbsp;<\/p>\n<\/div>\n<\/div>\n\n\n\n<div class=\"wp-block-group alignwide is-layout-flow wp-block-group-is-layout-flow\" style=\"padding-top:0;padding-right:var(--wp--preset--spacing--50);padding-bottom:var(--wp--preset--spacing--50);padding-left:var(--wp--preset--spacing--50)\">\n<p><strong>Jeder ist bei uns herzlich Willkommen!&nbsp;<\/strong><\/p>\n\n\n\n<p>Trainingsbeginn ist Montags ab 20.30 Uhr in der Roggentalhalle, die Sportarten sind individuell und vielseitig.&nbsp;<\/p>\n\n\n\n<p>Die Trainingsstunden k\u00f6nnen beinhalten &#8211; Warmlaufen mit anschlie\u00dfender Gymnastik f\u00fcr R\u00fccken und Bandscheiben &#8211; \u00dcbungen f\u00fcr gesunde K\u00f6rperhaltung &#8211; Ballsport wie Basketball \/ Volleyball &#8211; Stabilit\u00e4ts\u00fcbungen f\u00fcr die Muskulatur&nbsp;<\/p>\n\n\n\n<p>Wir gehen zum Sport mit dem Gedanken \u201e fit for fun\u201c und jeder macht mit so gut er kann!&nbsp;<\/p>\n\n\n\n<p>Au\u00dferhalb unserer Trainingseinheit treffen wir uns zu anderen geselligen Unternehmungen J\u00e4hrlicher Abteilungsausflug &#8211; Radfahren \/ Wandern &#8211; Grillfeste &#8211; Kulturelle Veranstaltungen &#8211; Traditionell ist schon unser Backhausfest das wir j\u00e4hrlich ausrichten&nbsp;<\/p>\n\n\n\n<p>Haben wir Dich neugierig gemacht?? Dann schau einfach montags ab 20.30 Uhr bei uns vorbei.&nbsp;<\/p>\n\n\n\n<p><\/p>\n\n\n\n<p><strong>Wir freuen uns auf Dich!!<\/strong><\/p>\n<\/div>\n","protected":false},"excerpt":{"rendered":"<p>Trainingszeiten Montags ab 20:30 Uhr in der Roggentalhalle M\u00e4nnerturner seit 1980! Wir M\u00e4nnerturner m\u00f6chten uns auf diese Weise vorstellen und Sie \u00fcber unsere vielseitige Aktivit\u00e4ten f\u00fcr jede Altersklasse informieren. Die M\u00e4nnerturner sind eine bunt gemischte Truppe von 35 bis bis &#8230; Jahren!&nbsp; Jeder ist bei uns herzlich Willkommen!&nbsp; Trainingsbeginn ist Montags ab 20.30 Uhr in [&hellip;]<\/p>\n","protected":false},"author":1,"featured_media":0,"parent":37,"menu_order":0,"comment_status":"closed","ping_status":"closed","template":"","meta":{"footnotes":""},"class_list":["post-366","page","type-page","status-publish","hentry"],"_links":{"self":[{"href":"https:\/\/tv-treffelhausen.de\/index.php?rest_route=\/wp\/v2\/pages\/366","targetHints":{"allow":["GET"]}}],"collection":[{"href":"https:\/\/tv-treffelhausen.de\/index.php?rest_route=\/wp\/v2\/pages"}],"about":[{"href":"https:\/\/tv-treffelhausen.de\/index.php?rest_route=\/wp\/v2\/types\/page"}],"author":[{"embeddable":true,"href":"https:\/\/tv-treffelhausen.de\/index.php?rest_route=\/wp\/v2\/users\/1"}],"replies":[{"embeddable":true,"href":"https:\/\/tv-treffelhausen.de\/index.php?rest_route=%2Fwp%2Fv2%2Fcomments&post=366"}],"version-history":[{"count":29,"href":"https:\/\/tv-treffelhausen.de\/index.php?rest_route=\/wp\/v2\/pages\/366\/revisions"}],"predecessor-version":[{"id":794,"href":"https:\/\/tv-treffelhausen.de\/index.php?rest_route=\/wp\/v2\/pages\/366\/revisions\/794"}],"up":[{"embeddable":true,"href":"https:\/\/tv-treffelhausen.de\/index.php?rest_route=\/wp\/v2\/pages\/37"}],"wp:attachment":[{"href":"https:\/\/tv-treffelhausen.de\/index.php?rest_route=%2Fwp%2Fv2%2Fmedia&parent=366"}],"curies":[{"name":"wp","href":"https:\/\/api.w.org\/{rel}","templated":true}]}}